t n be (-6)/(-33) - (-2636)/22. Suppose 14 = 9*d - 31. Suppose -n = -d*k + 4*j, -k - j + 0*j + 33 = 0. List the prime factors of k.
2, 7
Suppose -71 = 53*g - 45545. What are the prime factors of g?
2, 3, 11, 13
Suppose 0 = 55*s - 70*s + 3420. List the prime factors of s.
2, 3, 19
Let l(h) = h**3 + 5*h**2 - 6*h + 7. Let d be l(3). Suppose 0 = -6*i + d + 263. List the prime factors of i.
2, 3
Suppose -4120 = -2*k + b, 0 = 3*k + 4*b - 2514 - 3655. What are the prime factors of k?
29, 71
Suppose -17 = -3*q - 2. Suppose 5*c = m + 144, 0 = -m + q*m + 16. List the prime factors of c.
2, 7
Let p be (-20)/(-30) - (-20)/6. Let i(l) = 2*l**2 + 0 + 2*l + 0*l - p - l**2. List the prime factors of i(5).
31
Suppose -4*f - 12 = c, 2*f + 2*c = 6*f. Let j(i) be the third derivative of 2*i**5/15 - i**4/24 + i**3/6 - 2*i**2. List the prime factors of j(f).
5, 7
Let d be -1*6*(-9)/2. Suppose 6*u - 7*u = -d. List the prime factors of u.
3
List the prime factors of -1 - 36/(-44) - 6290/(-110).
3, 19
Let u(v) = -v**2 + 2*v + 2. Let x(l) = -5*l**2 + 11*l + 11. Let b(s) = -33*u(s) + 6*x(s). Let p be b(2). Let n = 22 + p. What are the prime factors of n?
2, 17
Let c(u) = 4*u + 22. Let l be c(-10). Let o = 26 - l. List the prime factors of o.
2, 11
Let i be ((-18)/(-21))/((-2)/(-84)). List the prime factors of 3/(i/(-104))*-6.
2, 13
Let a = -6 - -13. Let u(f) = 4*f + 14. Let h be u(a). Let w = h + -8. List the prime factors of w.
2, 17
Let b(j) = 3*j**3 - 5*j**2 - 4*j + 3. Let a be b(4). Let l = 218 + a. What are the prime factors of l?
317
Suppose -8*m + 935 + 3945 = 0. List the prime factors of m.
2, 5, 61
Suppose 0 = 3*y - a + 16 + 1, -3*y + 2*a = 22. List the prime factors of (-72)/(-14)*(y - -11).
2, 3
Suppose -2*m - 36*b + 816 = -34*b, m + 2*b - 407 = 0. List the prime factors of m.
409
Let r(s) = 10*s**3 - 2*s**2 - s - 2. Suppose -9 = -5*w + 1. List the prime factors of r(w).
2, 17
Suppose 36 = -28*i - 888. Let b be (-2*1 + 1)*-6. What are the prime factors of b + -2 - (-3 + i)?
2, 5
Let h = -72 + 196. Let v = h - 27. List the prime factors of v.
97
Let m be (2/(-6))/(3/(-54)). Let u(n) = 4*n**2 - 13*n - 10. List the prime factors of u(m).
2, 7
Suppose 2*r - y + 149 = 0, 52 = -r + 5*y - 18. Let a = r + 129. What are the prime factors of a?
2, 3
Suppose -5*g - 6 = -26. Suppose 460 = -g*a + 1356. What are the prime factors of a?
2, 7
Let h(f) be the first derivative of f**4/4 + 8*f**3/3 + 7*f**2/2 + 10*f - 3. List the prime factors of h(-6).
2, 5
Suppose 0 = h - 0*h. Let z be 1 - h - 2/(-2). Suppose z*b = 8 + 36. List the prime factors of b.
2, 11
Suppose 3257 = 5*s - f - 799, -2*f + 809 = s. Suppose s = -5*o + 206. Let h = 177 + o. List the prime factors of h.
2, 7
Let v(a) = -a**3 + 28*a**2 - 64*a + 4. What are the prime factors of v(25)?
3, 31
Suppose o - 3608 = 2*n, -2*o + 7151 = -5*n - 67. List the prime factors of o.
2, 17, 53
Let h(j) = j**3 - 14*j**2 - 13*j + 7. Suppose 5*v = 44 + 31. List the prime factors of h(v).
37
Let r be 6*-1*9/(-27). Suppose r*m = 3*t + 277, -7*m + 292 = -5*m + 2*t. List the prime factors of m.
11, 13
List the prime factors of (-12)/((-672)/77288) + 2/(-14).
2, 3, 5, 23
What are the prime factors of 8/(((-5)/555)/(-4 - -3))?
2, 3, 37
Let i be (-591)/(-6) - (-3)/6. Suppose z = -2*k + i, 3*k + 3*z = 2*k + 52. Suppose 3*y - k = -v, 2*y - 5*y = 6. What are the prime factors of v?
5, 11
Let z(n) = n**3 - 10*n**2 - 10*n + 1. Let y be z(11). Suppose 3*p = -p + y. What are the prime factors of (-12)/18 + 101/p?
3, 11
Let w(d) = d**2 + d + 39. Suppose 0*y - 5 = y. Let l be (-3)/(-6)*(y + 5). List the prime factors of w(l).
3, 13
Let j(v) = 6*v - 9. Let y(k) = -3*k + 4. Let i(h) = -2*h - 18. Let d be i(-12). Let b(o) = d*j(o) + 13*y(o). What are the prime factors of b(-6)?
2
Suppose -1 = -r + 4, 3*f - 20 = -r. Let j be 109/f + (-2)/(-10). Let a = 38 - j. List the prime factors of a.
2
Let r = 382 - -328. List the prime factors of r.
2, 5, 71
Suppose 4*u - 5*j = 264, 81*u + 5*j = 79*u + 102. What are the prime factors of u?
61
Let h(r) = -r**3 - 22*r**2 - 33*r + 22. List the prime factors of h(-21).
2, 137
List the prime factors of 2165/3 - (25/(-15))/5.
2, 19
Suppose -4*t = 3*o - 67, -4*t = -3*o - 0*o - 85. Suppose 0 = -s + 9 + t. List the prime factors of s.
2, 7
Suppose 4*s + 5*v + 1175 - 2836 = 0, -2*s + 829 = v. List the prime factors of s.
2, 3, 23
Let d(n) = -312*n + 29. Let r be d(-3). Suppose 3*u - 4*a = 590, 8*a - 11*a = -5*u + r. List the prime factors of u.
2, 5, 19
Let j(z) = -z**3 + 25*z**2 - 24*z + 4. Let c be j(24). Suppose 64 = d - 2*u - 71, -c*d + 522 = u. List the prime factors of d.
131
Suppose -1218 = -21*z - 0*z. List the prime factors of z.
2, 29
Let p = 1275 - -1378. List the prime factors of p.
7, 379
Let r be ((-18)/4 - -2)*(-172)/5. Suppose 0 = -2*c + 4*t + 102, 2*c = c - 5*t + r. List the prime factors of c.
61
Let u = -2031 - -4938. What are the prime factors of u?
3, 17, 19
List the prime factors of (-3805*4/(-10) - -3) + 4.
11, 139
Let b(u) = -u**2. Let k be b(0). Let v = k + -17. Let w = 21 + v. What are the prime factors of w?
2
Suppose 4*l - 6 - 10 = 0. Suppose -l*i - i + 4*o = -498, i + 2*o - 94 = 0. What are the prime factors of i?
2, 7
Let z be 63*3 - (-6)/(-3). Suppose -2*n = 4*f - 676, 2*f - 4*n - z = f. Suppose f = 4*s - 73. What are the prime factors of s?
61
Suppose 392 = 2*o + 2*g, -5*o - 3*g = 102 - 1084. What are the prime factors of o?
197
Let r(l) = -7*l - 11. Let m(y) = 3*y + 7. Let d(v) = 5*m(v) + 2*r(v). Let b be (2 - 0 - 1)*5. List the prime factors of d(b).
2, 3
Suppose 27 = 3*y - 6. Let x = 10 - y. List the prime factors of x/(3/(-81) + 0).
3
Suppose 0 = -32*p + 39*p - 8337. What are the prime factors of p?
3, 397
Let f(m) = 3*m**2 - 14*m + 13. List the prime factors of f(-11).
2, 5, 53
Let c be 4/(-5 - -1) + 11. Let h(a) = -a**2 + 10*a + 1. Let p be h(c). Suppose 4*l = -2*o + 60, -o = -5 + p. List the prime factors of l.
13
List the prime factors of 4 + (-253)/(0 + -1).
257
Suppose 0 = -367*m + 373*m - 102. List the prime factors of m.
17
Let a(t) = 586*t + 154. List the prime factors of a(5).
2, 3, 257
Suppose -3*u = -4*w + u + 292, u = 5*w - 353. Let g(p) = p + 2. Let r be g(7). Suppose -4*i + r*i = w. List the prime factors of i.
2, 7
List the prime factors of 1133/13 + -6 + 4/(-26).
3
Suppose 19 = 5*a - 6. Suppose 186 = a*x - 334. List the prime factors of x.
2, 13
Let t(v) = -27*v - 22. Let c(j) = -9*j - 7. Let d(x) = 17*c(x) - 6*t(x). List the prime factors of d(10).
103
Let k(f) = 9*f + 67. Let q be k(-9). Let z = 6 - 18. Let i = z - q. List the prime factors of i.
2
Let o(q) = q**3 - 2*q**2 - 5*q + 4. Suppose -5*v + g + 26 = 0, -5*v + 4 + 16 = 5*g. Suppose -6*i + 4 = -v*i. List the prime factors of o(i).
2
Let l(p) = 5*p**3 - 2*p**2 - p + 4. Let s be l(-2). Let w = s + 92. What are the prime factors of w?
2, 5
Suppose 4*k + 22992 = 20*k. List the prime factors of k.
3, 479
Let q = -3 - -8. Let k(l) = 32*l + 19*l - l**2 - 44*l - 2. What are the prime factors of k(q)?
2
Let q(w) = -42*w - 238. List the prime factors of q(-33).
2, 7, 41
Let a be 2/8*2*10. Suppose -a*j = -8 + 18. List the prime factors of j/(-4)*43*2.
43
Let v be ((-123)/(-82))/((-2)/((-32)/6)). Suppose 3*a - l = 734, v*l - 10 + 30 = 0. What are the prime factors of a?
3
Suppose 3*w + 2*w = -n + 34, -w = -3*n - 10. Suppose f = w*d - 2*d - 3, -93 = -4*f - d. List the prime factors of f.
2, 11
Suppose 2149 + 2091 = 4*j + r, -3*j + 3161 = -4*r. List the prime factors of j.
3, 353
Suppose 180*d = 185*d - 1595. What are the prime factors of d?
11, 29
Let l = -41 - -43. List the prime factors of (23 - -3) + 0 + l.
2, 7
Let m(c) = 35*c - 8. Let t be m(-6). Let l be -19 + (-32)/24*-6. What are the prime factors of t/l + 8/44?
2, 5
Let d(v) = v**3 - 42*v**2 + 100*v + 22. List the prime factors of d(41).
2441
Let w = 954 + 550. List the prime factors of w.
2, 47
Suppose -7*y + 5*n = -11*y + 17977, -5*y - 4*n = -22460. List the prime factors of y.
2, 3, 11, 17
Let f(y) = 17*y**3 + 2*y**2 + 3*y - 3. Let l(p) = 4*p**2 + 19 - 24 + 5*p - p**2 + 33*p**3. Let m(w) = -5*f(w) + 3*l(w). List the prime factors of m(1).
13
Suppose 3 = -3*a - 24. Let m be (-42)/a*(-24)/(-28). Suppose -m*y = i - 158, -4*y = -6*y + 2*i + 74. What are the pr